?
5
What is the units digit of 85779?
9
What is the hundreds digit of 332085?
0
What is the ten thousands digit of 256814?
5
What is the ten thousands digit of 1533074?
3
What is the ten thousands digit of 1149218?
4
What is the millions digit of 7205363?
7
What is the hundreds digit of 122905?
9
What is the hundred thousands digit of 971498?
9
What is the hundreds digit of 526993?
9
What is the tens digit of 3933383?
8
What is the thousands digit of 26521374?
1
What is the hundred thousands digit of 19373310?
3
What is the hundred thousands digit of 13302449?
3
What is the tens digit of 64478?
7
What is the units digit of 464844?
4
What is the tens digit of 2176766?
6
What is the tens digit of 269498?
9
What is the ten thousands digit of 43505045?
0
What is the thousands digit of 165159?
5
What is the millions digit of 3374395?
3
What is the tens digit of 3584191?
9
What is the hundreds digit of 941539?
5
What is the units digit of 2953155?
5
What is the hundreds digit of 12645691?
6
What is the units digit of 991972?
2
What is the hundred thousands digit of 252749?
2
What is the thousands digit of 1875550?
5
What is the ten thousands digit of 60180?
6
What is the hundred thousands digit of 6700613?
7
What is the ten thousands digit of 45020?
4
What is the units digit of 19518940?
0
What is the tens digit of 1534457?
5
What is the hundreds digit of 253293?
2
What is the tens digit of 3852048?
4
What is the hundred thousands digit of 2632764?
6
What is the millions digit of 2579662?
2
What is the millions digit of 1459108?
1
What is the thousands digit of 2949?
2
What is the millions digit of 3010934?
3
What is the thousands digit of 202805?
2
What is the units digit of 1969887?
7
What is the tens digit of 223264?
6
What is the thousands digit of 104545?
4
What is the ten thousands digit of 775700?
7
What is the hundreds digit of 190460?
4
What is the ten thousands digit of 136039?
3
What is the units digit of 55811?
1
What is the hundred thousands digit of 1323154?
3
What is the tens digit of 106794?
9
What is the millions digit of 8536666?
8
What is the thousands digit of 623332?
3
What is the ten thousands digit of 1996998?
9
What is the thousands digit of 28599091?
9
What is the millions digit of 2589574?
2
What is the thousands digit of 220892?
0
What is the hundreds digit of 60839?
8
What is the ten thousands digit of 206262?
0
What is the hundreds digit of 5568109?
1
What is the thousands digit of 330596?
0
What is the ten thousands digit of 19567992?
6
What is the tens digit of 32017470?
7
What is the units digit of 415907?
7
What is the hundreds digit of 9880915?
9
What is the thousands digit of 287742?
7
What is the tens digit of 1853485?
8
What is the millions digit of 1759765?
1
What is the hundreds digit of 10931203?
2
What is the tens digit of 986030?
3
What is the units digit of 171851?
1
What is the units digit of 2498092?
2
What is the hundreds digit of 2546946?
9
What is the units digit of 150462?
2
What is the units digit of 838101?
1
What is the hundred thousands digit of 333982?
3
What is the tens digit of 7208436?
3
What is the hundred thousands digit of 1162519?
1
What is the hundreds digit of 630029?
0
What is the tens digit of 7542512?
1
What is the thousands digit of 235247?
5
What is the ten thousands digit of 180041?
8
What is the thousands digit of 4814484?
4
What is the units digit of 135910?
0
What is the thousands digit of 3033610?
3
What is the thousands digit of 981140?
1
What is the millions digit of 8199480?
8
What is the hundreds digit of 33108428?
4
What is the tens digit of 733100?
0
What is the millions digit of 1094025?
1
What is the tens digit of 3282189?
8
What is the thousands digit of 757989?
7
What is the ten millions digit of 27013663?
2
What is the ten millions digit of 13193237?
1
What is the hundred thousands digit of 19776600?
7
What is the tens digit of 2742166?
6
What is the tens digit of 32072?
7
What is the units digit of 10462895?
5
What is the thousands digit of 211596?
1
What is the units digit of 2448531?
1
What is the tens digit of 6386046?
4
What is the units digit of 5680011?
1
What is the units digit of 2704414?
4
What is the thousands digit of 72363?
2
What is the ten thousands digit of 3214798?
1
What is the hundreds digit of 229544?
5
What is the hundred thousands digit of 1087145?
0
What is the tens digit of 244791?
9
What is the thousands digit of 471226?
1
What is the tens digit of 708432?
3
What is the thousands digit of 164665?
4
What is the ten thousands digit of 103241?
0
What is the units digit of 7278089?
9
What is the millions digit of 1587886?
1
What is the units digit of 1331976?
6
What is the ten thousands digit of 2624878?
2
What is the hundred thousands digit of 201422?
2
What is the ten thousands digit of 14586198?
8
What is the hundred thousands digit of 5775653?
7
What is the ten thousands digit of 1736498?
3
What is the thousands digit of 10376773?
6
What is the hundreds digit of 3450507?
5
What is the ten thousands digit of 19297869?
9
What is the units digit of 9142630?
0
What is the hundred thousands digit of 1377310?
3
What is the ten thousands digit of 16573754?
7
What is the hundred thousands digit of 375732?
3
What is the thousands digit of 54078?
4
What is the thousands digit of 172892?
2
What is the hundreds digit of 4263448?
4
What is the ten thousands digit of 31232042?
3
What is the hundreds digit of 1569095?
0
What is the tens digit of 607602?
0
What is the units digit of 3216933?
3
What is the units digit of 5081904?
4
What is the ten thousands digit of 12941344?
4
What is the units digit of 1813652?
2
What is the ten thousands digit of 10542863?
4
What is the tens digit of 446828?
2
What is the ten thousands digit of 13145457?
4
What is the hundreds digit of 125726?
7
What is the ten thousands digit of 8266437?
6
What is the tens digit of 1421037?
3
What is the thousands digit of 1919146?
9
What is the millions digit of 8677676?
8
What is the ten thousands digit of 16903286?
0
What is the hundreds digit of 220204?
2
What is the thousands digit of 1478695?
8
What is the thousands digit of 162112?
2
What is the tens digit of 13456329?
2
What is the ten thousands digit of 50276?
5
What is the ten thousands digit of 23214453?
1
What is the ten thousands digit of 1278027?
7
What is the tens digit of 529945?
4
What is the tens digit of 6532676?
7
What is the tens digit of 1256830?
3
What is the hundreds digit of 19085421?
4
What is the thousands digit of 1568269?
8
What is the units digit of 16522919?
9
What is the hundred thousands digit of 575102?
5
What is the tens digit of 459620?
2
What is the tens digit of 1295731?
3
What is the tens digit of 199222?
2
What is the hundred thousands digit of 340075?
3
What is the hundreds digit of 1869601?
6
What is the ten thousands digit of 616052?
1
What is the tens digit of 681548?
4
What is the hundred thousands digit of 155969?
1
What is the ten thousands digit of 2524480?
2
What is the units digit of 20656347?
7
What is the millions digit of 29130471?
9
What is the thousands digit of 1141956?
1
What is the millions digit of 24337526?
4
What is the thousands digit of 543954?
3
What is the thousands digit of 184975?
4
What is the thousands digit of 86235?
6
What is the ten thousands digit of 1454677?
5
What is the hundred thousands digit of 348929?
3
What is the hundreds digit of 25733326?
3
What is the hundred thousands digit of 6459574?
4
What is the ten thousands digit of 58508?
5
What is the hundreds digit of 19933175?
1
What is the units digit of 102420?
0
What is the ten thousands digit of 818636?
1
What is the hundreds digit of 6350435?
4
What is the units digit of 4956358?
8
What is the hundreds digit of 11212148?
1
What is the tens digit of 9030569?
6
What is the thousands digit of 225655?
5
What is the units digit of 40570?
0
What is the tens digit of 84356?
5
What is the tens digit of 119504?
0
What is the hundreds digit of 16808140?
1
What is the tens digit of 2156102?
0
What is the thousands digit of 363115?
3
What is the ten thousands digit of 428629?
2
What is the units digit of 6776975?
5
What is the thousands digit of 114457?
4
What is the ten thousands digit of 44954?
4
What is the tho